n j is divided by t.
7
What is the remainder when 78 is divided by (-4 - -29)*(3 - 2) - (3 - -1)?
15
Suppose -j + 3*j = 6. Suppose 1880 + 4576 = -8*a. Let u = a + 832. Calculate the remainder when u is divided by j.
1
Let n = 57 + -52. Suppose -25 = -5*k, -3*k - 7 = -n*h + 53. Suppose 5*x - 59 = 4*x. Calculate the remainder when x is divided by h.
14
Suppose 3*j = -g + j + 210, -5*j = -20. Calculate the remainder when 593 is divided by g.
189
Let z(d) be the third derivative of 13*d**5/30 - d**4/8 - 2*d**2 + 6*d. What is the remainder when z(2) is divided by 11?
10
What is the remainder when 12/(-14) - (-345987)/259 is divided by 7?
5
Let u(f) = 2*f**2 + 45*f + 35. Let p(i) = -14*i**3 + i**2. What is the remainder when u(-23) is divided by p(-1)?
13
Calculate the remainder when 3312/(2112/44)*(1/(-1) + 2) is divided by 22.
3
Let a = -124 - -313. Suppose -458*q - a = -465*q. Suppose -405 = 5*x - 1070. Calculate the remainder when x is divided by q.
25
Let b be (27/45 - 436/10) + 2. Let p = 50 + b. Calculate the remainder when 70 is divided by p.
7
Suppose 2*g - 14 = 12. Calculate the remainder when ((-79380)/2970)/((-14)/154) is divided by g.
8
What is the remainder when 6572 is divided by (-78)/(-260) - 5655/(-150)?
36
Let i = -409 - -822. Let c = -259 + i. Calculate the remainder when c is divided by 52.
50
Suppose 85 = -5*f + 397 + 288. What is the remainder when f is divided by 80?
40
Let b = -3469 - -3598. What is the remainder when 767 is divided by b?
122
Let v(z) = 21*z**2 + 22*z + 14. What is the remainder when v(-5) is divided by 10?
9
Let n(o) = o**2 + 20*o + 40. Let u be n(-18). Suppose 3*s + 2466 = u*b, -b - 4*b = 3*s - 3069. Let p = b - 437. What is the remainder when p is divided by 20?
18
Let x = 491 + -441. What is the remainder when 6299 is divided by x?
49
Let g = 254 + -204. What is the remainder when (-12)/14*(-12775)/g is divided by 55?
54
Suppose -6*m + 244 = -2*m. Let b(o) = 2*o**3 + 8*o**2 - 37*o + 17. Calculate the remainder when m is divided by b(3).
29
Suppose 0 = h + 3 - 0, 54 = 3*l - h. Let j be (468/(-65))/(1/5). What is the remainder when (291/2)/3 - (-18)/j is divided by l?
14
Suppose 2*x + 2*w = 44, w + 106 = 4*x - 4*w. What is the remainder when 2199/51 - 2/17 is divided by x?
19
Let d be ((-56)/5)/(9/45). Let g = 123 + d. What is the remainder when g is divided by 36?
31
Suppose -144*n = -560 - 304. Let r(c) be the first derivative of c**4/4 - 10*c**3/3 - 11*c**2/2 + 4*c + 8. Calculate the remainder when n is divided by r(11).
2
Let i(w) = 213*w**2 + 11*w + 11. Let r(f) = -f**2 + 22*f - 97. Calculate the remainder when i(-1) is divided by r(15).
5
Let s be 93 + (1 + 3)/(-4). Suppose -45*l + 258 = -3*t - 46*l, 5*t + 4*l + 430 = 0. Let w = t + s. Calculate the remainder when 40 is divided by w.
4
Let p be (-20)/(-14)*(-420)/(-50). Suppose -2*m - 5*x = m - 32, -2*x - p = -5*m. Let i(n) = -7*n - 3. Calculate the remainder when i(-3) is divided by m.
2
Suppose 2*q - 10 = 0, -5*q + 35 = 2*a - 0*a. Suppose -2*m + 4*k = -m, -a*m = -5*k + 45. Calculate the remainder when 2/m + 1595/30 is divided by 28.
25
Let a = 398 + -326. Calculate the remainder when 234 is divided by a.
18
Let o(f) = f**2 + 16*f + 55. Calculate the remainder when 447 is divided by o(-13).
15
Suppose -5*c + c = -352. What is the remainder when 49/((-392)/(-1272)) - (0 - 7) is divided by c?
78
Suppose -70231 = 6*i - 34*i - 51*i. What is the remainder when i is divided by 19?
15
Calculate the remainder when 1976 is divided by -74*(-31)/14 + 1 + (-13)/(-91).
161
Suppose 3*g + 4*n = -22, -2*g = -2*n - n - 8. Let q(c) = 3*c**2 + 2*c + 3. Let v = -2300 + 2319. Calculate the remainder when v is divided by q(g).
8
Let p = -2342 - -2511. Suppose 0 = 7*w - 8*w + 58. What is the remainder when p is divided by w?
53
Let i(f) = 2*f**2 - 4*f + 8. Let j be i(2). Let n be (-82)/(-10) - j/40. Let h = 8 + n. What is the remainder when 39 is divided by h?
7
Let p = -17709 - -23975. What is the remainder when p is divided by 3127?
12
Let t = -175 + 223. Let s = 109 - t. What is the remainder when s is divided by 7?
5
Let z(j) = -4*j**2 - 7*j + 7. Let k be z(2). Let f = -36 - k. What is the remainder when 68 is divided by (13/(-6))/f + 321/18?
14
Suppose 7*d = 4*d + d. Suppose d = m, -h + 3*m + 93 = -0*h. Calculate the remainder when 5 + -2 - h*-1 is divided by 20.
16
Let n = 366 - 325. Suppose 5*d = 12 + 23. What is the remainder when n is divided by d?
6
Suppose 3*o + 3*t = -1254, -2*o + 2087 = -7*o - 4*t. Let z = o - -506. Calculate the remainder when z is divided by 27.
10
Let q(i) = -2*i**3 - 29*i**2 - 11*i + 47. Calculate the remainder when 123 is divided by q(-14).
3
Let t(x) = -x**3 + 96*x**2 - 185*x - 199. What is the remainder when t(94) is divided by 47?
36
Suppose -316 = -0*f - 2*f - 308. What is the remainder when 177 is divided by f?
1
Let d be (75/(-10) - -4)*(-44)/7. Suppose -16*u + d*u - 738 = 0. Calculate the remainder when u is divided by 37.
12
Let w = 198 - 194. Let y = 31 - 24. Calculate the remainder when w/26 - (-2 - (-2228)/(-52)) is divided by y.
3
Let h(v) = v**2 + 88*v + 1757. What is the remainder when 369 is divided by h(-60)?
61
Suppose 3*k - 2*k - 7 = 2*g, -5*k - g + 13 = 0. Let q be (-1)/k + 1/3. What is the remainder when 22 is divided by q + (-33)/(-3) - (-5 - -8)?
6
Let j be (1 + 7)/(2 - (-1 - -1)). Suppose -4*n - 52 = g - j*g, -n = 5*g - 79. Calculate the remainder when 31 is divided by g.
15
Let l(t) = 18*t + 52. Let u be (-158)/(-22) - (-8)/(-44). Suppose 56 - 7 = u*q. Calculate the remainder when l(0) is divided by q.
3
Let t = -370 + 600. What is the remainder when 5 is divided by (t/69)/(1 + 1)*3?
0
Let g = -21 + -298. Let v = -147 - g. Let l = v - 145. What is the remainder when 44 is divided by l?
17
Let a = 9638 + -9238. Calculate the remainder when a is divided by 190.
20
Let q = -1113 + 1248. Calculate the remainder when q is divided by 37.
24
Let h = -884 - -900. Let m = -19 + 20. What is the remainder when h is divided by m + -5*(-1)/1?
4
Let h = -1775 + 2369. Calculate the remainder when h is divided by 17.
16
Let k = 984 - 978. What is the remainder when (-87)/(-9) - 35/21 is divided by k?
2
Suppose -8*z = 5*r - 14*z - 11551, -4*r + 9231 = 5*z. Calculate the remainder when r is divided by 30.
29
Let r = -41 - -49. Suppose 2*o - 206 = 5*z, 0*z = 2*z + r. Suppose -5*k = -4*h - 91, 0 = -k - 2*h - 2*h + 23. What is the remainder when o is divided by k?
17
Let r(l) = 2*l**2 - 30*l + 229. What is the remainder when r(27) is divided by 98?
93
Let j = -446 + 775. What is the remainder when j is divided by 95?
44
Suppose 173*b - 9544 - 17271 = 0. Calculate the remainder when b is divided by 22.
1
Let a(q) = 13*q**2 - 11*q + 31. Calculate the remainder when 787 is divided by a(4).
7
Suppose 0 = 5*f - 3*j + 35, 4*f + 3*j = 2*j - 11. What is the remainder when 3 + 2 + 20 - f is divided by 11?
7
Suppose 3*z - 684 = 5*d, -2*z + 295 + 149 = -2*d. Calculate the remainder when z is divided by 4/(-14) + 130/14.
6
Let z = 1523 - 1518. Suppose -u - 2*u = 12, -3*d - 5*u - 14 = 0. Calculate the remainder when 6 + d/(-6)*0 is divided by z.
1
Suppose -b + 3*b - 90 = -2*k, 2*k - 3*b - 90 = 0. Let w = -35 + k. Calculate the remainder when 88 is divided by (w + 2 + 0 + 1)*1.
10
Suppose -15*x + 6*x = -3987. What is the remainder when x is divided by 190?
63
Suppose -1457 = -g - 9*n + 4*n, 4*g - 5756 = -2*n. What is the remainder when g is divided by 60?
57
Let g be 7 - (1/(-3))/(3/(-45)). Calculate the remainder when 29 is divided by (-5 - 7)/g + 10.
1
Let j(f) = 49*f + 45. Let x be (-4)/(-22) + 11/(121/42). Calculate the remainder when j(x) is divided by 27.
25
Let g be 1 - 1/(-3) - 84/9. Let v(b) = -b**2 - 12*b - 23. Let p(w) = -2*w + 44. Calculate the remainder when p(14) is divided by v(g).
7
Suppose -4*k - 2 = -5*k. Suppose 0 = -3*n - 4*f, f + 14 = k*n - f. Let l(m) = m**3 + 4*m**2 - 8*m. Calculate the remainder when l(2) is divided by n.
0
Let f(n) = -n - 34. Let b be f(6). Let u = 59 + b. Calculate the remainder when 70 is divided by u.
13
Let u(z) = z**2 - 72*z + 423. Calculate the remainder when 674 is divided by u(69).
26
Suppose -8*b + 4*a + 268 = 0, 115*a = 5*b + 113*a - 168. What is the remainder when 1077 is divided by b?
23
Su